z(a) be the second derivative of -a**3/6 + 9*a**2/2 + 8*a. What is z(6)?
3
Let r be (-3 - 17)*(-6)/8. Let s = -17 + r. Let t(j) = -j**2. Give t(s).
-4
Suppose -7 = -2*t - 3. Let v(a) = 1 + t*a**2 - 3*a + a - a**2. Give v(4).
9
Let m = 23 + -25. Let h(n) be the third derivative of n**6/120 + n**5/15 + n**4/12 - n**3/6 + n**2. Determine h(m).
3
Let f = -3 + 6. Let t(v) = v**2 - 2*v - 1. What is t(f)?
2
Let m(y) = -y + 34 - 2*y - 15 - 15. Suppose -2*z = 0, -5*b + 3*z - 5 = -z. Let a(n) = -4*n**3 - 1. Let v be a(b). Give m(v).
-5
Let v(a) be the first derivative of 5*a**2/2 - 6*a - 2. Let q(t) = 9*t - 11. Let x(m) = -6*q(m) + 11*v(m). What is x(5)?
5
Let y(w) = -w**3 + 8*w**2 + 10*w - 3. Let b be 7 - (2 + (0 - 4)). Let x be y(b). Let o(d) = -5 - 4 + 4 + 8*d - d**2. Calculate o(x).
7
Let u be (0 + 2 + -1)/(-1). Let f(z) be the third derivative of -1/24*z**4 + 0*z**3 + 0 + 2*z**2 + 0*z + 1/30*z**5. Calculate f(u).
3
Suppose 3*z - 66 = z. Let m(q) = 20*q**2 + 3 + q**3 - z*q**2 + 20*q**2 + 6*q. Calculate m(-6).
3
Suppose 2*i = -7 - 3. Let s(v) = -2*v - 6. Give s(i).
4
Let k(i) = -i**2 - 5*i - 10. Let d be k(-3). Let q(u) be the second derivative of u**5/20 + u**4/3 - u**3/6 + u**2/2 + u. Calculate q(d).
5
Let b = 2 - -13. Let h be (-3)/((-9)/(-1))*b. Let f(q) = -q. Determine f(h).
5
Suppose -3*n - 2*x + 11 = 0, -3*n = n - 5*x - 7. Let i(b) = -52 - 3*b**2 + 0*b + 0*b**2 + 54 - n*b. Determine i(-3).
-16
Let c be -2*1 + 1 - 1. Let a(y) = -4*y**3 - 5*y**2 + 3. Let v(r) = 17*r**3 + 21*r**2 - 13. Let q(z) = -9*a(z) - 2*v(z). Calculate q(c).
-5
Let y(q) = q**3 + 9*q**2 + 7*q - 3. Let i(o) = -o**3 + 12*o**2 - 13*o + 14. Let j be i(11). What is y(j)?
5
Let a(q) = -q**2 - q - 17. Suppose -20 = 5*b - 6*v + v, 0 = 3*b + 3*v - 12. Give a(b).
-17
Let m(t) = t**3 - 10*t**2 - 10*t - 9. Let s(r) = 4*r - 1. Let v be s(3). Let z be m(v). Let c(o) = 0*o - o - 2*o**z + o - 2*o. Calculate c(-2).
-4
Let d(s) = -55*s**2 + 4*s**3 - 10*s - 54*s**2 - 3*s**3 + 102*s**2 + 11. Calculate d(8).
-5
Let n be (-1)/(-2 - 92/(-48)). Let q(x) = 4 - n + 5*x - 6*x. Calculate q(0).
-8
Let i(z) = -3*z**3 - 5 + z**3 + 5. Calculate i(1).
-2
Let c(b) = -3*b**2 - 3*b - 3. Let h(o) = o**2 - 8*o + 5. Let s(x) = -x**3 - 5*x**2 + 3*x - 11. Let a be s(-6). Let i be h(a). Give c(i).
-9
Let m(r) = -r**3 + 5*r**2 + 6*r + 3. Let f be m(6). Let k = 13 + -11. Suppose f*g + 4*y = 21 - 4, 5*g - 19 = -k*y. Let w(u) = u**2 - u - 2. What is w(g)?
4
Let s(j) = 5*j + 1. Let y(p) = p**2. Let b(x) = 3*x**2 - 3*x + 3. Suppose -5*a = -2*a - 3. Let i(c) = a*b(c) - 4*y(c). Let f be i(-4). Give s(f).
-4
Let h(t) = t**3 + 4*t**2 - 6*t + 6. Suppose -2*x = 4*x + 30. Give h(x).
11
Let b(i) = i**3 - 3*i**2 + i - 1. Suppose -3*v + 18 = 3*k, 0 = 2*k + 3*k - 20. Suppose v*w = -2*d + 3*w + 9, 5*d = -5*w. Calculate b(d).
2
Let t be 14/5 - (-11)/55. Let z(y) = 4*y - 1 + 4*y**2 - 2 + 0*y**3 - y**3 - 2*y**2. What is z(t)?
0
Let r(q) = -14 + 2*q + 7*q - 5*q - 3*q. Give r(6).
-8
Let g = -19 + 15. Let t(h) = -h**3 - 4*h**2 - h + 2. Give t(g).
6
Let d = -3 - -5. Let x(l) = -l**2 - 8*l + 3. Let u be x(-8). Suppose 0*w - d*w - 10 = -3*o, 0 = -o + u*w + 1. Let i(m) = -m**2 + 4*m - 6. Give i(o).
-6
Suppose 2 = 4*v + 3*i, v - 2*i + 4 = -5*i. Let u(n) = -2 - 6*n**v + n + 3*n**2 + 5 + 2*n**2. What is u(3)?
-3
Suppose 8*w = 5*w + 15. Let g(t) = 3*t - 7. What is g(w)?
8
Let v(j) = -2*j + 3. Let u(o) = 3*o - 3. Let r(q) = 5*u(q) + 4*v(q). Let b(i) = -11*i + 5. Suppose -3*w + 6 = -9. Let s(m) = w*b(m) + 8*r(m). Determine s(2).
3
Let m be 5 + -5 - (-2 + 1). Let q be ((-6)/12)/(m/(-2)). Let u(w) = 4 - q - 1 + w. Determine u(-4).
-2
Let w(c) = -c + 5 + 4 - c. Suppose -1 = a - 7. Give w(a).
-3
Let w(r) = -r**2 - 7*r + 8. Let v(u) = u**2 - 8*u + 4. Let z be v(6). Let m be w(z). Let s(q) = q**2 - q - 5. Determine s(m).
-5
Let s(i) = i**2 + 6*i + 1. Let j be -2 - ((-2)/4)/(7/(-70)). Calculate s(j).
8
Let f(l) = l + 2. Let z be 111/21 - 2/7. Suppose -3*k = z + 1. Calculate f(k).
0
Let r(y) be the third derivative of -y**8/20160 + y**7/1008 - y**6/720 + y**5/30 + y**2. Let n(p) be the third derivative of r(p). Determine n(5).
-1
Let u = -6 + 4. Let v(f) = -2*f + 9. Let j(p) = -4 + p + 1 + 0*p. Let k(n) = -11*j(n) - 4*v(n). Determine k(u).
3
Let a(v) = -v**3 + 5*v**2 - 5*v + 2. Let r = 82 - 79. Calculate a(r).
5
Let u(m) = 3*m + 1. Let z be u(-1). Let k(c) be the first derivative of -c**3/3 - c**2 + c - 3. Determine k(z).
1
Let c be (88/(-10))/((-4)/10). Suppose -4 = 3*s - c. Let o(n) = -2*n + 7. Give o(s).
-5
Let p(t) = -2*t**3 - t. Suppose -10 = 2*f, 3*v - 2*f = -3*f - 2. Give p(v).
-3
Let u(m) = m**2 + 2*m + 1. Let j(w) = -4*w**2 - 6*w - 8. Let q(x) = -j(x) - 3*u(x). Calculate q(4).
21
Suppose -6*w - 4*z + 4 = -2*w, -4*w - 14 = -2*z. Let q(s) be the third derivative of -s**4/24 + s**3/3 + 4*s**2. Give q(w).
4
Let j(b) be the second derivative of b**2 + 0 - 1/3*b**3 - 1/60*b**5 + 1/24*b**4 - b. Let d(t) be the first derivative of j(t). Calculate d(0).
-2
Let k(v) = -v + 1 + 11 - 16. Give k(-4).
0
Let h(b) = -b**2 - 7*b + 5. Let y(v) = v - 3. Let z be y(-4). Give h(z).
5
Let m(u) = -u - 4. Let q(i) = -i**3 + 2*i**2 + 9. Let t be q(3). What is m(t)?
-4
Let a(b) = b**3 + b - b + 1 + b**2. Let l be a(0). Let g(n) = -n + l + 0 - n**2 - 4*n. Determine g(-4).
5
Let j(f) = 1 + 0 + f**2 - f - 2*f. Let w(c) = -c**2 + c. Let s(l) = l + 1. Let d(h) = 6*s(h) - w(h). Let o be d(-4). Determine j(o).
-1
Suppose -8 = -142*n + 143*n. Let h(t) = t + 10. Give h(n).
2
Let j = -13 + 8. Let a(o) be the third derivative of o**4/24 + o**3/6 - 2*o**2. What is a(j)?
-4
Let i(k) = -3*k + 4*k - 3 + 3*k - 3*k. What is i(-6)?
-9
Let w(x) = -2*x**3 - 3*x**2 - 10*x + 5. Let m(u) = -u**3 - 4*u**2 - 9*u + 4. Let s(v) = 3*m(v) - 2*w(v). What is s(7)?
2
Suppose 21*s = 27*s - 18. Let g(i) = 2*i + 1. Give g(s).
7
Let o = 13 - 11. Suppose 2*a = -2*u + 1 - 11, 4*u = -o*a - 16. Let r(k) = -k**3 - 3*k**2 + 2*k + 2. Calculate r(a).
-6
Let q(a) = -3*a**2 - 54*a + 52*a + 1 + 2*a**2. Let k be (1 - (-34)/2)/(-1). Let i be 2/4 + k/4. Determine q(i).
-7
Let v(i) = -7*i**3 - 2*i**2 - 3 - 2*i + 6*i**3 + 2*i**3. Calculate v(3).
0
Let v(a) = -5*a + 6*a - 46*a**2 + 44*a**2 + 2. Suppose q + 5*x + 8 = 0, 2*x = -3*q - q + 4. Give v(q).
-4
Let z(k) = 8*k**3 + k**2 - k. Let a(x) = -x**2 - x. Let r(g) = -4*g**2 - 10*g - 7. Let f(b) = 5*a(b) - r(b). Let c be f(6). Calculate z(c).
8
Let g = 17 - 18. Let a(l) = 13*l**3 + l**2 - l - 1. What is a(g)?
-12
Let v(t) = t**2 + 5*t - 3. Let x = -10 + 17. Suppose 4 = -3*j + x*j. Let i = j + -6. What is v(i)?
-3
Let m(w) = 10*w + 4*w**2 + 5*w**2 - 6*w**3 - 6 - 2*w**2 - 2*w**2. Let p(a) = a**3 - a**2 - 2*a + 1. Let y(f) = 2*m(f) + 11*p(f). Give y(-2).
7
Let p(h) = -6*h - 1 + 0*h + 5*h. Give p(-6).
5
Let d(z) = -1 + 5*z**2 - 6 + z**3 + 2. Let b = 11 + -16. Calculate d(b).
-5
Let o(l) be the first derivative of -2*l**2 + l + 16. What is o(-1)?
5
Let o be 4/6 - 98/(-42). Let a(x) be the second derivative of 1/12*x**4 + 2*x + 5/6*x**o + 0 + 7/2*x**2. Give a(-5).
7
Let k(y) = -y**2 - y - 1. Let r be (-93)/9 + 4/(-6). Let z = r - -10. Give k(z).
-1
Suppose 2*m = -5*j - 17 - 17, -12 = 3*j. Let q(g) = g**2 + 6*g - 9. Let c be q(m). Let x(t) = -7*t + 11*t + 2 - t + 2*t**2. Determine x(c).
4
Suppose 11 = 2*i - o - 2*o, 0 = 4*o + 4. Let b(j) = -2*j + 3. Let z be b(i). Let g(s) = -3*s - 5. Let c(d) = d + 2. Let t(a) = -7*c(a) - 2*g(a). Give t(z).
1
Let q be -1 + 1 - (-2 + 8). Let c be -1*q/(-4)*2. Let t(w) be the first derivative of w**4/4 + w**3/3 - 2*w**2 + 1. Give t(c).
-6
Suppose -3*d - 1 = -16. Let u(x) = -x**2 + 5*x + 6. Give u(d).
6
Let d(n) = -2*n**3 - n**2 + 1. Let z be d(1). Let o(i) = -i**3 + i**2 + 2*i - 1. Determine o(z).
7
Suppose -3*w + 5 = -4. Let h be (w/4)/(4/16). Let l(b) = -b - 118*b**2 + 119*b**2 + 2 + 0. Calculate l(h).
8
Let b(s) = -s**2 + 2*s. Let y be b(5). Let i = y + 27. Suppose 4*f + 3*u + 0 - 6 = 0, -2*f + 3*u = -i. Let n(a) = a**3 - 5*a**2 + 3*a + 4. What is n(f)?
-5
Let g = -9 - -7. Let y be (-14)/7*(-1)/g. Let u(f) = 6*f. Calculate u(y).
-6
Let m(r) = -r + 3. Suppose 5*h = a - 2*a - 5, 5*a + 25 = -2*h. Suppose -d - 3*d + 48 = h. Suppose -3 = -3*v - d. Give m(v).
6
Let x = -9 - -13. Let f(z) = 5*z + x*z**2 + 0 - 4 - 3*z**2. Let i(t) = -t**2 - 2*t - 2. Let 